{"id":5817,"date":"2026-01-08T14:08:18","date_gmt":"2026-01-08T14:08:18","guid":{"rendered":"https:\/\/esprit-cycles.com\/cogolin\/?post_type=product&#038;p=5817"},"modified":"2026-01-28T10:41:19","modified_gmt":"2026-01-28T10:41:19","slug":"winora-tria-x11-low","status":"publish","type":"product","link":"https:\/\/esprit-cycles.com\/cogolin\/product\/winora-tria-x11-low\/","title":{"rendered":"WINORA \/ TRIA X11 LOW"},"content":{"rendered":"<p>Une mobilit\u00e9 moderne pour votre quotidien \u2013 et bien plus encore.<br \/>\nAvec son cadre \u00e0 enjambement bas, ses composants sportifs et son moteur puissant, le nouveau WINORA Tria X11 est con\u00e7u aussi bien pour les trajets du quotidien que pour les balades improvis\u00e9es ou les longues randonn\u00e9es.<br \/>\nCe v\u00e9lo \u00e9lectrique urbain est \u00e9quip\u00e9 du tout nouveau moteur Bosch Performance Line, qui assure une assistance fluide et dynamique. Sa batterie enti\u00e8rement int\u00e9gr\u00e9e de 625 Wh offre une grande autonomie \u2013 id\u00e9ale pour celles et ceux qui aiment aller plus loin.<br \/>\nSa transmission Shimano \u00e0 11 vitesses vous garantit une flexibilit\u00e9 maximale, avec le bon rapport \u00e0 tout moment.<br \/>\nLa fourche suspendue de 63 mm absorbe les asp\u00e9rit\u00e9s de la route pour un confort optimal, m\u00eame sur les surfaces irr\u00e9guli\u00e8res.<br \/>\nPolyvalent : le porte-bagages arri\u00e8re int\u00e9gr\u00e9 permet de transporter vos courses ou vos sacoches en toute simplicit\u00e9.<br \/>\nVoici \u00e0 quoi ressemble la mobilit\u00e9 du quotidien version future : puissante, confortable et pr\u00eate \u00e0 tout.<\/p>\n","protected":false},"excerpt":{"rendered":"<p>Une mobilit\u00e9 moderne pour votre quotidien \u2013 et bien plus encore. Avec son cadre \u00e0 enjambement bas, ses composants sportifs et son moteur puissant, le nouveau WINORA Tria X11 est con\u00e7u aussi bien pour les trajets du quotidien que pour les balades improvis\u00e9es ou les longues randonn\u00e9es. Ce v\u00e9lo \u00e9lectrique urbain est \u00e9quip\u00e9 du tout [&hellip;]<\/p>\n","protected":false},"featured_media":5818,"template":"","meta":{"inline_featured_image":false},"product_cat":[34],"product_tag":[],"_links":{"self":[{"href":"https:\/\/esprit-cycles.com\/cogolin\/wp-json\/wp\/v2\/product\/5817"}],"collection":[{"href":"https:\/\/esprit-cycles.com\/cogolin\/wp-json\/wp\/v2\/product"}],"about":[{"href":"https:\/\/esprit-cycles.com\/cogolin\/wp-json\/wp\/v2\/types\/product"}],"wp:featuredmedia":[{"embeddable":true,"href":"https:\/\/esprit-cycles.com\/cogolin\/wp-json\/wp\/v2\/media\/5818"}],"wp:attachment":[{"href":"https:\/\/esprit-cycles.com\/cogolin\/wp-json\/wp\/v2\/media?parent=5817"}],"wp:term":[{"taxonomy":"product_cat","embeddable":true,"href":"https:\/\/esprit-cycles.com\/cogolin\/wp-json\/wp\/v2\/product_cat?post=5817"},{"taxonomy":"product_tag","embeddable":true,"href":"https:\/\/esprit-cycles.com\/cogolin\/wp-json\/wp\/v2\/product_tag?post=5817"}],"curies":[{"name":"wp","href":"https:\/\/api.w.org\/{rel}","templated":true}]}}

<p>Une mobilité moderne pour votre quotidien – et bien plus encore.<br />
Avec son cadre à enjambement bas, ses composants sportifs et son moteur puissant, le nouveau WINORA Tria X11 est conçu aussi bien pour les trajets du quotidien que pour les balades improvisées ou les longues randonnées.<br />
Ce vélo électrique urbain est équipé du tout nouveau moteur Bosch Performance Line, qui assure une assistance fluide et dynamique. Sa batterie entièrement intégrée de 625 Wh offre une grande autonomie – idéale pour celles et ceux qui aiment aller plus loin.<br />
Sa transmission Shimano à 11 vitesses vous garantit une flexibilité maximale, avec le bon rapport à tout moment.<br />
La fourche suspendue de 63 mm absorbe les aspérités de la route pour un confort optimal, même sur les surfaces irrégulières.<br />
Polyvalent : le porte-bagages arrière intégré permet de transporter vos courses ou vos sacoches en toute simplicité.<br />
Voici à quoi ressemble la mobilité du quotidien version future : puissante, confortable et prête à tout.</p>

<p>Une mobilité moderne pour votre quotidien – et bien plus encore. Avec son cadre à enjambement bas, ses composants sportifs et son moteur puissant, le nouveau WINORA Tria X11 est conçu aussi bien pour les trajets du quotidien que pour les balades improvisées ou les longues randonnées. Ce vélo électrique urbain est équipé du tout [&hellip;]</p>
