{"id":5691,"date":"2025-10-23T07:46:03","date_gmt":"2025-10-23T07:46:03","guid":{"rendered":"https:\/\/esprit-cycles.com\/cogolin\/?post_type=product&#038;p=5691"},"modified":"2025-10-23T07:50:56","modified_gmt":"2025-10-23T07:50:56","slug":"winora-tria-x9-low","status":"publish","type":"product","link":"https:\/\/esprit-cycles.com\/cogolin\/product\/winora-tria-x9-low\/","title":{"rendered":"WINORA \/ TRIA X9 LOW"},"content":{"rendered":"<section class=\"container-full module-title module-title__nobackground\">\n<div class=\"container\">\n<div class=\"module-title-text\">\n<div class=\"collpase-custom border-bottom border-medium\">\n<div id=\"description\" class=\"collpase-custom__content pt-3 collapse show\" data-parent=\"#product_accordions\">\n<div class=\"collpase-custom border-bottom border-medium\">Le v\u00e9lo \u00e9lectrique en toute simplicit\u00e9.<\/div>\n<\/div>\n<\/div>\n<\/div>\n<\/div>\n<\/section>\n<section class=\"bike-header\">\n<div class=\"container\">\n<div class=\"bike-header__tech-wrap\">Le nouveau WINORA Tria X9 rend vos d\u00e9buts en mobilit\u00e9 \u00e9lectrique plus faciles que jamais. Ce v\u00e9lo \u00e9lectrique urbain combine confort, performance et praticit\u00e9 dans un ensemble parfaitement \u00e9quilibr\u00e9 \u2013 id\u00e9al pour celles et ceux qui recherchent la qualit\u00e9 \u00e0 un prix accessible.<br \/>\nLe moteur dynamique Bosch Performance Line assure une assistance fluide et constante, tandis que la batterie de 500 Wh offre une autonomie suffisante pour les trajets quotidiens comme pour les escapades improvis\u00e9es.<br \/>\nLa transmission Shimano \u00e0 9 vitesses garantit une utilisation souple et intuitive \u2013 aussi bien en ville qu\u2019\u00e0 la campagne.<br \/>\nLe cadre bas \u00e0 enjambement facile simplifie la mont\u00e9e et la descente du v\u00e9lo, tandis que la fourche suspendue de 63 mm absorbe efficacement les irr\u00e9gularit\u00e9s de la route.<br \/>\nPratique : le porte-bagages int\u00e9gr\u00e9 transporte vos essentiels, et l\u2019\u00e9clairage conforme \u00e0 la norme StVZO assure votre s\u00e9curit\u00e9, m\u00eame dans l\u2019obscurit\u00e9.<br \/>\nLe v\u00e9lo \u00e9lectrique n\u2019a jamais \u00e9t\u00e9 aussi simple.<\/div>\n<\/div>\n<\/section>\n","protected":false},"excerpt":{"rendered":"<p>Le v\u00e9lo \u00e9lectrique en toute simplicit\u00e9. Le nouveau WINORA Tria X9 rend vos d\u00e9buts en mobilit\u00e9 \u00e9lectrique plus faciles que jamais. Ce v\u00e9lo \u00e9lectrique urbain combine confort, performance et praticit\u00e9 dans un ensemble parfaitement \u00e9quilibr\u00e9 \u2013 id\u00e9al pour celles et ceux qui recherchent la qualit\u00e9 \u00e0 un prix accessible. Le moteur dynamique Bosch Performance Line [&hellip;]<\/p>\n","protected":false},"featured_media":5692,"template":"","meta":{"inline_featured_image":false},"product_cat":[34],"product_tag":[],"_links":{"self":[{"href":"https:\/\/esprit-cycles.com\/cogolin\/wp-json\/wp\/v2\/product\/5691"}],"collection":[{"href":"https:\/\/esprit-cycles.com\/cogolin\/wp-json\/wp\/v2\/product"}],"about":[{"href":"https:\/\/esprit-cycles.com\/cogolin\/wp-json\/wp\/v2\/types\/product"}],"wp:featuredmedia":[{"embeddable":true,"href":"https:\/\/esprit-cycles.com\/cogolin\/wp-json\/wp\/v2\/media\/5692"}],"wp:attachment":[{"href":"https:\/\/esprit-cycles.com\/cogolin\/wp-json\/wp\/v2\/media?parent=5691"}],"wp:term":[{"taxonomy":"product_cat","embeddable":true,"href":"https:\/\/esprit-cycles.com\/cogolin\/wp-json\/wp\/v2\/product_cat?post=5691"},{"taxonomy":"product_tag","embeddable":true,"href":"https:\/\/esprit-cycles.com\/cogolin\/wp-json\/wp\/v2\/product_tag?post=5691"}],"curies":[{"name":"wp","href":"https:\/\/api.w.org\/{rel}","templated":true}]}}