{"id":5638,"date":"2025-10-02T12:40:25","date_gmt":"2025-10-02T12:40:25","guid":{"rendered":"https:\/\/esprit-cycles.com\/cogolin\/?post_type=product&#038;p=5638"},"modified":"2025-10-02T12:44:19","modified_gmt":"2025-10-02T12:44:19","slug":"cube-stereo-hybrid-one22-pro-800","status":"publish","type":"product","link":"https:\/\/esprit-cycles.com\/cogolin\/product\/cube-stereo-hybrid-one22-pro-800\/","title":{"rendered":"CUBE \/ STEREO HYBRID ONE22 PRO 800"},"content":{"rendered":"<section class=\"container-full module-title module-title__nobackground\">\n<div class=\"container\">\n<div class=\"module-title-text\">\n<div class=\"collpase-custom border-bottom border-medium\">\n<div id=\"description\" class=\"collpase-custom__content pt-3 collapse show\" data-parent=\"#product_accordions\">Avec la puissance Bosch ajout\u00e9e et la cin\u00e9matique de suspension CUBE \u00e9prouv\u00e9e, toutes les raisons sont bonnes pour rouler sur notre explorateur de pistes. La conception de la suspension qui a r\u00e9sist\u00e9 \u00e0 l&rsquo;\u00e9preuve du temps a \u00e9t\u00e9 cr\u00e9\u00e9e pour fonctionner avec une fourche de 120 mm (y compris une fixation pour garde-boue) pour un confort et un contr\u00f4le optimaux. Nous avons install\u00e9 une batterie de 800 Wh afin d\u2019alimenter l&rsquo;unit\u00e9 d\u2019entra\u00eenement Bosch CX, pour des trajets prolong\u00e9s sans souci. La patte UDH, le passage de c\u00e2bles int\u00e9gr\u00e9 et le garde-cha\u00eene \u00e0 montage direct sont autant d&rsquo;exemples de l&rsquo;attention que nous portons aux d\u00e9tails sur tous nos cadres. Et gr\u00e2ce au Size Split, il existe un cadre pour tous les cyclistes.<\/div>\n<\/div>\n<div class=\"collpase-custom border-bottom border-medium\"><\/div>\n<\/div>\n<\/div>\n<\/section>\n<section class=\"bike-header\">\n<div class=\"container\">\n<div class=\"bike-header__tech-wrap\"><\/div>\n<\/div>\n<\/section>\n","protected":false},"excerpt":{"rendered":"<p>Avec la puissance Bosch ajout\u00e9e et la cin\u00e9matique de suspension CUBE \u00e9prouv\u00e9e, toutes les raisons sont bonnes pour rouler sur notre explorateur de pistes. La conception de la suspension qui a r\u00e9sist\u00e9 \u00e0 l&rsquo;\u00e9preuve du temps a \u00e9t\u00e9 cr\u00e9\u00e9e pour fonctionner avec une fourche de 120 mm (y compris une fixation pour garde-boue) pour un [&hellip;]<\/p>\n","protected":false},"featured_media":5639,"template":"","meta":{"inline_featured_image":false},"product_cat":[34],"product_tag":[],"_links":{"self":[{"href":"https:\/\/esprit-cycles.com\/cogolin\/wp-json\/wp\/v2\/product\/5638"}],"collection":[{"href":"https:\/\/esprit-cycles.com\/cogolin\/wp-json\/wp\/v2\/product"}],"about":[{"href":"https:\/\/esprit-cycles.com\/cogolin\/wp-json\/wp\/v2\/types\/product"}],"wp:featuredmedia":[{"embeddable":true,"href":"https:\/\/esprit-cycles.com\/cogolin\/wp-json\/wp\/v2\/media\/5639"}],"wp:attachment":[{"href":"https:\/\/esprit-cycles.com\/cogolin\/wp-json\/wp\/v2\/media?parent=5638"}],"wp:term":[{"taxonomy":"product_cat","embeddable":true,"href":"https:\/\/esprit-cycles.com\/cogolin\/wp-json\/wp\/v2\/product_cat?post=5638"},{"taxonomy":"product_tag","embeddable":true,"href":"https:\/\/esprit-cycles.com\/cogolin\/wp-json\/wp\/v2\/product_tag?post=5638"}],"curies":[{"name":"wp","href":"https:\/\/api.w.org\/{rel}","templated":true}]}}

<section class="container-full module-title module-title__nobackground">
<div class="container">
<div class="module-title-text">
<div class="collpase-custom border-bottom border-medium">
<div id="description" class="collpase-custom__content pt-3 collapse show" data-parent="#product_accordions">Avec la puissance Bosch ajoutée et la cinématique de suspension CUBE éprouvée, toutes les raisons sont bonnes pour rouler sur notre explorateur de pistes. La conception de la suspension qui a résisté à l&rsquo;épreuve du temps a été créée pour fonctionner avec une fourche de 120 mm (y compris une fixation pour garde-boue) pour un confort et un contrôle optimaux. Nous avons installé une batterie de 800 Wh afin d’alimenter l&rsquo;unité d’entraînement Bosch CX, pour des trajets prolongés sans souci. La patte UDH, le passage de câbles intégré et le garde-chaîne à montage direct sont autant d&rsquo;exemples de l&rsquo;attention que nous portons aux détails sur tous nos cadres. Et grâce au Size Split, il existe un cadre pour tous les cyclistes.</div>
</div>
<div class="collpase-custom border-bottom border-medium"></div>
</div>
</div>
</section>
<section class="bike-header">
<div class="container">
<div class="bike-header__tech-wrap"></div>
</div>
</section>

<p>Avec la puissance Bosch ajoutée et la cinématique de suspension CUBE éprouvée, toutes les raisons sont bonnes pour rouler sur notre explorateur de pistes. La conception de la suspension qui a résisté à l&rsquo;épreuve du temps a été créée pour fonctionner avec une fourche de 120 mm (y compris une fixation pour garde-boue) pour un [&hellip;]</p>
