{"id":5402,"date":"2025-05-23T13:46:44","date_gmt":"2025-05-23T13:46:44","guid":{"rendered":"https:\/\/esprit-cycles.com\/cogolin\/?post_type=product&#038;p=5402"},"modified":"2025-11-13T08:58:15","modified_gmt":"2025-11-13T08:58:15","slug":"ridley-eddy-merckx-mendrisio","status":"publish","type":"product","link":"https:\/\/esprit-cycles.com\/cogolin\/product\/ridley-eddy-merckx-mendrisio\/","title":{"rendered":"RIDLEY \/ EDDY MERCKX MENDRISIO"},"content":{"rendered":"<p>Le Mendrisio est un v\u00e9lo de route d&rsquo;endurance polyvalent. Nomm\u00e9 d&rsquo;apr\u00e8s l&rsquo;endroit o\u00f9 Eddy Merckx a remport\u00e9 son deuxi\u00e8me titre mondial en 1971, il s&rsquo;agit d&rsquo;un v\u00e9lo de route polyvalent tr\u00e8s performant. \u00c0 l&rsquo;\u00e9poque, Mendrisio \u00e9tait le th\u00e9\u00e2tre d&rsquo;une bataille entre Merckx et son \u00e9ternel rival Felice Gimondi. Gimondi a attaqu\u00e9 \u00e0 plusieurs reprises, mais n&rsquo;a pas pu se d\u00e9faire de son jeune rival. La course se termina au sprint, que Merckx remporta gr\u00e2ce \u00e0 son explosivit\u00e9.<\/p>\n<p>Cette explosivit\u00e9 se retrouve dans le Mendrisio. Il s&rsquo;agit d&rsquo;un v\u00e9lo d&rsquo;endurance rapide, performant et confortable, con\u00e7u pour les longues sorties.<\/p>\n","protected":false},"excerpt":{"rendered":"<p>Le Mendrisio est un v\u00e9lo de route d&rsquo;endurance polyvalent. Nomm\u00e9 d&rsquo;apr\u00e8s l&rsquo;endroit o\u00f9 Eddy Merckx a remport\u00e9 son deuxi\u00e8me titre mondial en 1971, il s&rsquo;agit d&rsquo;un v\u00e9lo de route polyvalent tr\u00e8s performant. \u00c0 l&rsquo;\u00e9poque, Mendrisio \u00e9tait le th\u00e9\u00e2tre d&rsquo;une bataille entre Merckx et son \u00e9ternel rival Felice Gimondi. Gimondi a attaqu\u00e9 \u00e0 plusieurs reprises, mais [&hellip;]<\/p>\n","protected":false},"featured_media":5403,"template":"","meta":{"inline_featured_image":false},"product_cat":[34,125],"product_tag":[],"_links":{"self":[{"href":"https:\/\/esprit-cycles.com\/cogolin\/wp-json\/wp\/v2\/product\/5402"}],"collection":[{"href":"https:\/\/esprit-cycles.com\/cogolin\/wp-json\/wp\/v2\/product"}],"about":[{"href":"https:\/\/esprit-cycles.com\/cogolin\/wp-json\/wp\/v2\/types\/product"}],"wp:featuredmedia":[{"embeddable":true,"href":"https:\/\/esprit-cycles.com\/cogolin\/wp-json\/wp\/v2\/media\/5403"}],"wp:attachment":[{"href":"https:\/\/esprit-cycles.com\/cogolin\/wp-json\/wp\/v2\/media?parent=5402"}],"wp:term":[{"taxonomy":"product_cat","embeddable":true,"href":"https:\/\/esprit-cycles.com\/cogolin\/wp-json\/wp\/v2\/product_cat?post=5402"},{"taxonomy":"product_tag","embeddable":true,"href":"https:\/\/esprit-cycles.com\/cogolin\/wp-json\/wp\/v2\/product_tag?post=5402"}],"curies":[{"name":"wp","href":"https:\/\/api.w.org\/{rel}","templated":true}]}}